r of 17 and y.
17
Let u(i) = 9*i - 195. Let j be u(24). Calculate the highest common divisor of j and 21.
21
Let v(b) = 85*b + 1037. Let j be v(-11). What is the greatest common divisor of 78 and j?
6
Let u(s) = 3*s + 5. Let d be u(0). Suppose -4*f + 2*f = -d*k + 11, -2*k + 4 = -f. Calculate the highest common factor of 12 and k.
3
Suppose 4*f - 3*n - 22 = 0, -2*f - 5*n = -0*f + 2. Calculate the greatest common divisor of f and 96.
4
Suppose 2*g - 431 = -3*d - 104, 0 = -3*d + 3*g + 342. What is the highest common divisor of 3 and d?
3
Suppose -5*f = -5*k - 65, f + 2*k = -0*k + 13. Suppose -x - 4 = f. Let u = x - -23. What is the greatest common factor of 3 and u?
3
Let s = -24 + 88. What is the greatest common factor of s and 4?
4
Let k = 9 + -13. Let b be (((-18)/3)/(-2))/(k - -5). What is the highest common factor of 6 and b?
3
Suppose 216 = -2*h + 14*h. Calculate the greatest common divisor of 2 and h.
2
Suppose -171 + 591 = 3*x + 5*n, -5*x + 672 = -n. Calculate the highest common factor of x and 15.
15
Suppose -65 + 53 = -4*t. Suppose -t*r + 2*x = -439, 4*x = 2*r - 23 - 267. Calculate the highest common divisor of 49 and r.
49
Suppose 344*d - 350*d + 234 = 0. Calculate the greatest common divisor of d and 104.
13
Let q = -26 - -43. Let h(b) = -3*b**3 - 2*b**2 + 2*b + 1. Let n be h(-4). What is the greatest common divisor of q and n?
17
Let x = 34 - 30. Suppose -3*y - 12 = -x*n, -4*n + 5 = 5*y - 7. Calculate the highest common divisor of 15 and n.
3
Let f(y) = -y**2 + 17*y + 2. Let b be f(17). Suppose 50 - 4 = b*i. What is the highest common divisor of i and 253?
23
Let j be 2*(5/(-2) + 2). Let u(p) = -76*p - 2. Let d be u(j). Suppose -3*y + 5*y - d = 0. Calculate the greatest common divisor of 185 and y.
37
Let s be (1/2)/((-7)/(-98)). Suppose -s*u = -525 - 168. Calculate the greatest common divisor of u and 11.
11
Suppose 3*a - 1 - 14 = 0. Suppose -a*f - 3*s = -16, -4*f - 2*s = -s - 10. Let w = 14 + -12. Calculate the highest common factor of f and w.
2
Let n = -100 - -397. Calculate the greatest common factor of 33 and n.
33
Let l(j) = 4*j**3 + 5*j**2 + 5*j + 4. Let r be l(-3). Let u be r/(-6)*(13 + -10). What is the highest common factor of 333 and u?
37
Let y = 165 + -136. Calculate the greatest common factor of 377 and y.
29
Suppose -16*q = 27*q - 9460. Calculate the highest common factor of q and 60.
20
Let v(w) = -w**3 - 5*w**2 - 14*w + 29. Let j be v(-7). Calculate the greatest common divisor of 240 and j.
15
Let h = -64 - -94. Let m(v) = -v**3 + 7*v**2 - 3*v - 3. Let k = -16 - -22. Let b be m(k). What is the greatest common divisor of b and h?
15
Suppose -39*s + 3168 = 9*s. What is the greatest common divisor of s and 891?
33
Suppose -2*m + 107 = -47. Let l = 41 + -14. Suppose 6 - l = -3*s. Calculate the greatest common factor of m and s.
7
Let i be 2/(-8) + 234/8. Let o(v) = -v**2 + 17*v - 25. Let c be o(15). Suppose -8*h + c*h = -696. Calculate the highest common divisor of h and i.
29
Let p = 2772 - 2760. Let d be (-4)/18 - 110/(-9). Calculate the greatest common divisor of p and d.
12
Let l = 0 + -5. Let c = -2 - l. Let d(x) = 3*x. Let t be d(4). Calculate the greatest common divisor of t and c.
3
Suppose -3*t - 2 = 3*k - 35, -3*t = -k - 17. Suppose -2*m + 10 = 2*n, -3*m + t*m = n. What is the highest common factor of n and 28?
4
Let y = -323 - -368. Calculate the highest common divisor of 60 and y.
15
Suppose -3*k - 6 = -2*h - k, 0 = 4*h + 5*k - 30. Suppose -6*q = -h*q. Let r be (q - 0/2) + 16. What is the highest common divisor of 8 and r?
8
Suppose 4*o - 9*o = -210. Let u = 14 + -12. Let c be 7 + -2*1/u. What is the highest common factor of o and c?
6
Let x(p) = -4*p - 4. Let w be x(-11). Suppose -5*k = -v - 173 - 1427, 3*k - 4*v - 960 = 0. What is the greatest common divisor of w and k?
40
Let w be (1 - 9/18)/((-1)/(-182)). Calculate the highest common factor of w and 14.
7
Let v be 2/5 + 744/15. Suppose -v = -b - 12. Suppose -3*o + 7*o + f = 72, -2*o + f + 42 = 0. What is the greatest common divisor of o and b?
19
Suppose 22 = 2*f - 90. Suppose -5*y - 31 = -131. Let q = 34 - y. Calculate the highest common divisor of f and q.
14
Let n be (35 - -3)/((-10)/(-55)). Calculate the highest common divisor of 44 and n.
11
Let y = 29 - 23. Calculate the greatest common divisor of y and 21.
3
Let j(b) = -4*b**2 + 66*b + 31. Let t be j(14). What is the highest common factor of t and 76?
19
Suppose 2*w - 2*p = 16, -5*w + 7*p = 5*p - 52. What is the greatest common factor of w and 64?
4
Let m(k) = 2*k**2 + 4*k - 1. Let i(w) = -2*w. Let c = -3 + 5. Let y be i(c). Let a be m(y). What is the highest common factor of a and 135?
15
Let b be 0 + -2 - (-28 - -2). Let f be 10*-3*(-4)/b. Suppose -d = -w - 42, -5*d + 230 + 1 = 2*w. What is the highest common factor of f and d?
5
Let d be (-5)/(-2)*(55 - -3). Suppose -10*f - 120 = -2*t - 11*f, -3*t + 186 = 3*f. What is the greatest common divisor of d and t?
29
Suppose -16*c - 180 = -2*d - 20*c, 0 = 4*d + 5*c - 345. Calculate the highest common divisor of d and 180.
20
Suppose -3*h = 10*u - 14*u - 199, -5*u - 59 = -h. Calculate the highest common divisor of 115 and h.
23
Suppose -1141 = -3*a - 4*i + 5*i, -4*i = -3*a + 1144. Calculate the greatest common factor of a and 95.
95
Let u = -10 + 5. Let a be 2/u + (-74)/(-10). Calculate the highest common divisor of a and 14.
7
Suppose 0 = -5*f - 0*f + 110. Suppose 5 = -5*z, -w + 5 = -0*w - 4*z. Let g be w*(2 - -174) - 0. What is the greatest common divisor of f and g?
22
Let u = 44 + -28. Calculate the greatest common factor of 56 and u.
8
Suppose 0 = -9*j + 3*j + 78. Suppose -102 = j*t - 16*t. What is the greatest common divisor of t and 85?
17
Suppose -r + 4*r - 11016 = 0. Suppose -3*m = -11*m + r. Calculate the highest common divisor of 51 and m.
51
Let z = 54 - 29. Let f(a) = 2*a + 10. Let i be f(-4). Let y be 2*(-3 + i) - -227. What is the highest common factor of z and y?
25
Let m be 1 - (7 - (11 - -2)). What is the greatest common divisor of m and 14?
7
Let v be 37/7 + 0 + 26/(-91). Let c be 3/2*(-12)/(-9). Suppose 2*j + c*j = 20. Calculate the greatest common divisor of j and v.
5
Suppose 17*a = -533 + 1893. What is the highest common factor of 260 and a?
20
Let d = 317 + -282. Calculate the highest common factor of 21 and d.
7
Suppose 5*l = 2*l - 12. Let y be l/2 + (2 - (-198)/3). Suppose 10 = 5*g - 5*b - 185, 152 = 3*g + 4*b. What is the highest common divisor of y and g?
22
Let a(v) = v + 6. Let b be a(0). Let l be 27/b - 3/6. Suppose 5*m + 0*k - 5*k - 130 = 0, -l*m = 2*k - 98. Calculate the greatest common divisor of 125 and m.
25
Let j(r) = r**2 - 8*r - 4. Let i be j(9). Let w = 13 - i. Suppose -5*z = u - 3*z - 4, u - 4 = 3*z. What is the greatest common divisor of u and w?
4
Suppose 10*z = 5*z + 120. Let y be 140/z - 4/(-24). Let i = 10 - y. Calculate the greatest common factor of 1 and i.
1
Let w be (8/(-5))/((-1)/5). Suppose -4*f - 15 = -9*f. Suppose 4*t = 0, v - 6*v = -f*t - 20. What is the greatest common divisor of v and w?
4
Suppose 0 = -p + 2 + 7. Let s = p + -2. Suppose 3*b - s*b + 60 = 0. Calculate the highest common factor of b and 45.
15
Suppose -3*g - 343 = -5*k - 6*g, -12 = 3*g. Let p = -16 + k. Suppose 4*t - 130 = 2*h - 4*h, -h = -2*t + p. What is the highest common divisor of t and 6?
6
Suppose -5*r - 11 = -86. Suppose y = 3*y + 22. Let c = y - -56. Calculate the greatest common divisor of r and c.
15
Let f be 394/(-12) + (-1)/6. Let o be 6/f - 57/(-11). What is the greatest common factor of 5 and o?
5
Let s = 25 - -38. Let m = s + -8. Let w(z) = -6*z - 2. Let f be w(-4). What is the highest common divisor of m and f?
11
Let o(n) = n**3 + 5*n**2 - 8*n - 7. Let x = -34 + 51. Let c = -22 + x. Let v be o(c). What is the highest common divisor of 22 and v?
11
Let j be (-1)/(-4*2/(-144)). Let p = -34 - j. Let k be (1 - -7)*(-12)/p. Calculate the greatest common factor of k and 6.
6
Let a(s) be the second derivative of 7*s**4/3 - s**3/6 + s**2/2 - 24*s. Let w be a(1). Calculate the highest common factor of 42 and w.
14
Suppose 5*q - 499 = 1031. Let a be 37 - (3/(-2))/(4/(-8)). Calculate the highest common divisor of q and a.
34
Let m(z) = z**2 - z - 2. Let l be m(-7). Let w = -43 + l. What is the greatest common factor of w